51 prime?
False
Is 39478873 prime?
False
Is 116466769 a prime number?
False
Is 65753 a prime number?
False
Is 977693 a prime number?
True
Is 12083177 composite?
False
Is 13638733 composite?
True
Is 14361341 prime?
False
Is 2376864049 composite?
True
Is 24288659 a composite number?
False
Is 4209419 prime?
False
Is 43369153 a prime number?
False
Is 9789157 a prime number?
False
Is 349682057 composite?
False
Is 4169549 prime?
True
Is 68475481 a composite number?
True
Is 65180779 prime?
True
Is 139421003 composite?
False
Is 637437 prime?
False
Is 2300971 composite?
False
Is 139241 prime?
True
Is 794119327 a composite number?
False
Is 1214509 composite?
True
Is 2532067 composite?
False
Is 581555963 a prime number?
True
Is 84784351 prime?
False
Is 63269161 composite?
True
Is 28317421 prime?
False
Is 18586597 prime?
True
Is 68451701 a composite number?
True
Is 424961 prime?
True
Is 38029751 composite?
True
Is 7035793 prime?
False
Is 12209423 composite?
False
Is 3902533 a composite number?
True
Is 1281083 composite?
False
Is 6037817 prime?
True
Is 258187679 composite?
False
Is 360163 prime?
True
Is 10495097 a prime number?
False
Is 156507895 a composite number?
True
Is 4454033 a prime number?
False
Is 5094487 composite?
False
Is 139479533 composite?
False
Is 5023471 a composite number?
False
Is 51178559 composite?
False
Is 5086709 prime?
True
Is 173181527 a composite number?
False
Is 1252073 composite?
False
Is 413477 a prime number?
True
Is 1301047 a prime number?
False
Is 7993651 a composite number?
False
Is 3844297 a prime number?
False
Is 104854187 a prime number?
False
Is 59043667 prime?
True
Is 633497 composite?
False
Is 30082999 a prime number?
True
Is 400128059 composite?
False
Is 13795481 prime?
False
Is 7925609 a prime number?
True
Is 329861237 composite?
False
Is 2738573 composite?
False
Is 83403023 composite?
True
Is 235181899 a composite number?
False
Is 199190267 a prime number?
True
Is 272041885 composite?
True
Is 1038721 composite?
False
Is 39327215 a prime number?
False
Is 208960411 composite?
True
Is 13502341 composite?
False
Is 4831223 prime?
False
Is 125753 a composite number?
False
Is 105446851 a prime number?
False
Is 30216503 composite?
True
Is 21892247 prime?
False
Is 337703741 a prime number?
True
Is 11226229 a prime number?
False
Is 103372543 a composite number?
True
Is 7730651 composite?
False
Is 1004886011 a prime number?
True
Is 1093349 prime?
False
Is 22149871 prime?
True
Is 75389 composite?
False
Is 1997809 a composite number?
True
Is 69635971 composite?
False
Is 73266863 a prime number?
True
Is 2421493 a composite number?
True
Is 38734363 prime?
True
Is 2240041 prime?
False
Is 33082151 a composite number?
True
Is 495495233 prime?
False
Is 72764239 a prime number?
True
Is 58131445 prime?
False
Is 46927813 a composite number?
False
Is 2983927 prime?
True
Is 1323509 composite?
True
Is 1867751 composite?
False
Is 96858439 prime?
True
Is 35290327 a composite number?
True
Is 119724058 composite?
True
Is 442143089 a composite number?
True
Is 2251715 prime?
False
Is 11346941 a prime number?
True
Is 311410109 prime?
False
Is 15434527 prime?
True
Is 34799186 a composite number?
True
Is 11777333 a composite number?
False
Is 197924459 composite?
False
Is 74773403 composite?
True
Is 116318117 a prime number?
False
Is 171733 a composite number?
False
Is 51762677 prime?
True
Is 4042963 a prime number?
False
Is 10467211 a prime number?
False
Is 27768043 a composite number?
False
Is 45851973 composite?
True
Is 2287409 a composite number?
False
Is 55580059 a prime number?
True
Is 46813693 a composite number?
True
Is 10245601 prime?
True
Is 11784679 composite?
True
Is 294557807 a prime number?
True
Is 287839 a composite number?
True
Is 18328021 prime?
True
Is 245501 composite?
False
Is 20782967 a prime number?
False
Is 7081106 a composite number?
True
Is 408593 a prime number?
False
Is 4933567 a prime number?
False
Is 78742297 composite?
True
Is 3600197 prime?
False
Is 40214957 composite?
False
Is 863179 a composite number?
False
Is 751500017 a composite number?
True
Is 4156391 a prime number?
False
Is 45107659 a prime number?
False
Is 2006111 a prime number?
True
Is 2490583 a composite number?
False
Is 4778041 a composite number?
False
Is 4382419 a composite number?
False
Is 7349893 a composite number?
False
Is 56576005 a composite number?
True
Is 183350299 prime?
False
Is 160531729 composite?
False
Is 277293 a composite number?
True
Is 160294283 a composite number?
False
Is 2133487 a prime number?
True
Is 582193 composite?
True
Is 23707 a composite number?
True
Is 2524243 composite?
True
Is 3611789 a composite number?
False
Is 1230587 a composite number?
False
Is 10055321 composite?
True
Is 158696939 a composite number?
False
Is 77777663 prime?
False
Is 578297 a prime number?
True
Is 33065471 a composite number?
True
Is 168325645 a prime number?
False
Is 12273913 composite?
True
Is 19152509 a composite number?
False
Is 5034473 a composite number?
True
Is 7571611 prime?
True
Is 131678269 a prime number?
False
Is 94651031 prime?
True
Is 5291603 composite?
True
Is 564608543 a prime number?
False
Is 97968513 composite?
True
Is 18739859 a prime number?
True
Is 118544633 a prime number?
False
Is 355963 a prime number?
False
Is 6768559 prime?
False
Is 536987 composite?
True
Is 42108466 prime?
False
Is 237375979 composite?
True
Is 1919873 composite?
True
Is 523192889 a prime number?
False
Is 64125379 prime?
True
Is 31550021 a composite number?
False
Is 29484905 a composite number?
True
Is 1712287 composite?
False
Is 184366879 a prime number?
True
Is 276730849 composite?
True
Is 53327683 prime?
True
Is 5346409 composite?
False
Is 75397277 prime?
True
Is 3294217 composite?
True
Is 1305011 a composite number?
False
Is 5297515 a prime number?
False
Is 259947157 a composite number?
False
Is 12927281 prime?
True
Is 133557689 a prime number?
True
Is 452579 a prime number?
True
Is 12471253 prime?
False
Is 4003423 composite?
False
Is 13187791 a prime number?
False
Is 244229345 a prime number?
False
Is 775919 composite?
False
Is 101680679 a prime number?
False
Is 10476415 composite?
True
Is 6128363 composite?
True
Is 1119947 prime?
True
Is 35370253 prime?
False
Is 5390189 composite?
True
Is 433229 prime?
True
Is 162101 prime?
False
Is 279862987 composite?
False
Is 200168729 prime?
True
Is 220733 composite?
True
Is 6606077 a composite number?
False
Is 337583 a composite number?
False
Is 16929821 prime?
True
Is 20843633 composite?
True
Is 5081579 a composite number?
False
Is 57227837 a prime number?
False
Is 2103907 a composite number?
True
Is 23641043 composite?
False
Is 5083423 a composite number?
False
Is 33831017 prime?
False
Is 967979 a prime number?
True
Is 194113 prime?
True
Is 142271 a composite number?
False
Is 1447949 a composite number?
False
Is 108048481 a prime number?
False
Is 14141014 prime?
False
Is 33898507 prime?
True
Is 11356301 a composite number?
True
Is 1575781 composite?
True
Is 536766641 composite?
True
Is 142328327 prime?
False
Is 116821283 composite?
True
Is 4108886 a composite number?
True
Is 4747819 a composite number?
False
Is 374611021 composite?
True
Is 3198694 prime?
False
Is 162543767 a prime number?
True
Is 6606359 a prime number?
False
Is 3687631 prime?
True
Is 3342457 prime?
True
Is 10374557 a composite number?
False
Is 10463671 a prime number?
True
Is 696518341 prime?
True
Is 484098371 prime?
True
Is 14469067 a prime number?
False
Is 44428343 a prime number?
True
Is 5294411 prime?
True
Is 1489693 composite?
True
Is 519263 composite?
True
Is 15148489 a prime number?
False
Is 388081 prime?
True
Is 7224341 composite?
False
Is 4200613 composite?
True
Is 145516051 composite?
False
Is 123518287 composite?
False
Is 589247 a composite number?
True
Is 6822061 a prime number?
True
Is 248461951 composite?
False
Is 15920609 a composite number?
False
Is 12397531 a composite number?
True
Is 20861341 a composite number?
True
Is 395953 prime?
True
Is 21044953 a prime number?
False
Is 58417957 prime?
False
Is 1468688645 prime?
False
Is 1921310293 a composite number?
True
Is 221771 composite?
True
Is 224404729 a prime number?
False
Is 2085469 a composite number?
False
Is 1298769 prime?
False
Is 22108277 composite?
True
Is 7195235 pr